 11, what is 83132 - 95a?
82283
In base 13, what is -22aa + -b23?
-3100
In base 8, what is -426062 - 6?
-426070
In base 3, what is -20120200002101 - -10?
-20120200002021
In base 14, what is 2 - 7d878?
-7d876
In base 4, what is 23231 - 313?
22312
In base 16, what is -8d5d + 9a?
-8cc3
In base 5, what is 2 - -1231320230?
1231320232
In base 10, what is 984 + -14822?
-13838
In base 16, what is -4242 - -5a?
-41e8
In base 9, what is -84 - -77612?
77517
In base 2, what is -1101 + -110000010000011100011?
-110000010000011110000
In base 12, what is b2 + 1204474?
1204566
In base 5, what is -20304404 - 21334?
-20331243
In base 9, what is 67 - -700803?
700871
In base 13, what is b96a68 - -9?
b96a74
In base 10, what is -478462 - 2?
-478464
In base 15, what is 846 - 1666?
-d20
In base 15, what is 5541 + -5b79?
-638
In base 11, what is -a5a1a49 - 2?
-a5a1a50
In base 2, what is 11101 + 100011010011010111011010?
100011010011010111110111
In base 2, what is 1110111000011000001100101 + 100?
1110111000011000001101001
In base 7, what is -2162132401 - -5?
-2162132363
In base 2, what is 10111 + -1101010000011000011010011?
-1101010000011000010111100
In base 7, what is 15144356 - -11?
15144400
In base 13, what is -15847 + 28c?
-15588
In base 3, what is -11212122 + -1112012?
-20101211
In base 11, what is a - -12572a9?
1257308
In base 6, what is 2333 + -2425220?
-2422443
In base 8, what is 1312762 - -13?
1312775
In base 10, what is 331736332 + 2?
331736334
In base 3, what is 2021 + 10020120020?
10020122111
In base 16, what is 306 + a894?
ab9a
In base 16, what is 23de - -17bc?
3b9a
In base 10, what is -190 - 3588561?
-3588751
In base 4, what is 2332021123121 - 1?
2332021123120
In base 5, what is 30 + 3144220?
3144300
In base 8, what is 172042325 - -3?
172042330
In base 16, what is 1421f7e - -3?
1421f81
In base 12, what is -1 - -7440649?
7440648
In base 6, what is -4300302143 - -2?
-4300302141
In base 7, what is 102066 - -254?
102353
In base 16, what is 5 - -1f266cb?
1f266d0
In base 5, what is -2 + -414311031?
-414311033
In base 13, what is 7 - 223704?
-2236ca
In base 2, what is 10001011010011 + -111110000000111?
-101100100110100
In base 13, what is 4 - 1a873c?
-1a8738
In base 6, what is 2142123454 - 11?
2142123443
In base 13, what is 35204 + -245?
34c8c
In base 8, what is -254 - 2354501?
-2354755
In base 13, what is 10ca0a58 + 1?
10ca0a59
In base 13, what is 1103 - 205b?
-c58
In base 3, what is -202112220210012 + -12?
-202112220210101
In base 14, what is 1525801 - -10?
1525811
In base 15, what is 35 + 2d8b1?
2d8e6
In base 11, what is -55a40 - 390?
-56320
In base 4, what is -30302330 - -300?
-30302030
In base 2, what is -1011011010001100011011010 + -101?
-1011011010001100011011111
In base 6, what is -21 - -50502525?
50502504
In base 12, what is 32 - 4082a2a?
-40829b8
In base 3, what is -1002000110202001 - -10?
-1002000110201221
In base 10, what is -7876575 + -1?
-7876576
In base 5, what is -24240 + 124022?
44232
In base 9, what is -165424055 - 7?
-165424063
In base 10, what is -316 + -945?
-1261
In base 2, what is -111101111100100 - -1011001?
-111101110001011
In base 6, what is -35032221 - -515?
-35031302
In base 16, what is -2 - -1b1b0e?
1b1b0c
In base 5, what is -322430 + -12313431?
-13141411
In base 4, what is -231213232 + 121?
-231213111
In base 11, what is 12 - 207a40?
-207a29
In base 2, what is 10110 + 1010001110000010?
1010001110011000
In base 15, what is -58cc26a - -9?
-58cc261
In base 9, what is -1 + 4733473?
4733472
In base 8, what is -330 - 54755?
-55305
In base 10, what is 1520109 + 3?
1520112
In base 9, what is -172673 + 3037?
-168635
In base 4, what is 101133332 + 323213?
102123211
In base 10, what is -5772642 - -5?
-5772637
In base 11, what is -680 + -6312a0?
-631970
In base 11, what is -6356 + -564?
-690a
In base 6, what is -255 + 110301014?
110300315
In base 16, what is -18a + -8175?
-82ff
In base 11, what is -3548 - 2638?
-6085
In base 11, what is -10384 + -820?
-110a4
In base 10, what is -151023970 - -1?
-151023969
In base 15, what is -27b07c5 - -2?
-27b07c3
In base 14, what is -b857559 - -1?
-b857558
In base 6, what is -1020001 + -12230?
-1032231
In base 10, what is 0 + 358490?
358490
In base 15, what is -58769 + -2e2?
-58a5b
In base 12, what is -468450 + 4?
-468448
In base 6, what is -1042404 - 21221?
-1104025
In base 3, what is -211100220 + -2011000?
-220111220
In base 9, what is 62 - -1483538?
1483611
In base 11, what is -a89 + 20142?
1a164
In base 5, what is -10330 + 322041?
311211
In base 12, what is -5a98576 + -12?
-5a98588
In base 7, what is 126431114 + -30?
126431054
In base 3, what is -10202 - 111122100011202?
-111122100022111
In base 16, what is -5debd + 66?
-5de57
In base 2, what is -1001000101101101 - -11010001?
-1001000010011100
In base 13, what is 18a4 - 342?
1562
In base 8, what is 5 + -21543003?
-21542776
In base 10, what is 65878 + -5?
65873
In base 13, what is -1 + -150a772?
-150a773
In base 7, what is 12055404 + 43?
12055450
In base 3, what is 202112102001112 - 202?
202112102000210
In base 9, what is 7 + 20747715?
20747723
In base 3, what is -10 + -220200222101?
-220200222111
In base 10, what is -786 + -17459?
-18245
In base 2, what is 11000111 + 110111100011010011?
110111100110011010
In base 4, what is 111003 - 1012203?
-301200
In base 6, what is 40 - 142320555?
-142320515
In base 7, what is -2553 - 312013?
-314566
In base 11, what is 33 - 938624?
-9385a1
In base 6, what is -245 - -40305310?
40305021
In base 7, what is 1122161644 + 4?
1122161651
In base 13, what is 19b6b + -21?
19b4a
In base 3, what is 1011121 - -112200100000?
112201111121
In base 12, what is 41 - 398780?
-39873b
In base 6, what is -1222 + 1211504?
1210242
In base 7, what is -2452 + 100506?
65024
In base 4, what is 1 + 121321123302?
121321123303
In base 5, what is 3014202102 - -2?
3014202104
In base 7, what is -31513 + -424?
-32240
In base 2, what is -1010011000 - -1001011001010?
1000000110010
In base 4, what is 131332 + -112013212?
-111221220
In base 13, what is -28 - 183bc50?
-183bc78
In base 15, what is 5 + 47bde9?
47bdee
In base 10, what is -5277360 + -22?
-5277382
In base 6, what is 14321405200 + 3?
14321405203
In base 3, what is 100200202120 + -10221?
100200121122
In base 11, what is 356a5 + -58a9?
2a8a7
In base 10, what is 29 - -29096209?
29096238
In base 14, what is 20224 + 43?
20267
In base 5, what is -124411 - 21132?
-201043
In base 7, what is 24 + -133101060?
-133101033
In base 9, what is 5133 + -24318?
-18175
In base 2, what is -111 - 1000111001011110101010010?
-1000111001011110101011001
In base 11, what is -5 - -12684aa?
12684a5
In base 10, what is 141 - 28244?
-28103
In base 11, what is 249969 - -2893?
251751
In base 4, what is -3 + 3203310003201?
3203310003132
In base 14, what is -1140 + -22a?
-136a
In base 7, what is -1542 - -66422?
64550
In base 6, what is 30324 + -322444?
-252120
In base 12, what is b - 232a44?
-232a35
In base 12, what is -74 + -9a7b4?
-9a868
In base 8, what is -1213 - 35647?
-37062
In base 12, what is 655534 + a?
655542
In base 5, what is 43 + -20304410403?
-20304410310
In base 10, what is 26766 + -125?
26641
In base 13, what is 23a4a5 - 0?
23a4a5
In base 5, what is 4 - -244002?
244011
In base 5, what is -12 - -42241424?
42241412
In base 13, what is 650b387 + 0?
650b387
In base 14, what is -86 + bba7d?
bb9d7
In base 4, what is -123332032020 - -2?
-123332032012
In base 13, what is 52b5a - -6c?
52bc9
In base 2, what is 1001110011100100100111 + 101?
1001110011100100101100
In base 5, what is 414204201113 - -3?
414204201121
In base 15, what is 167c - eaa6?
-d429
In base 11, what is 2904a7 + 2466?
292962
In base 16, what is -5df - 591f?
-5efe
In base 12, what is 18 + -11b3627?
-11b360b
In base 13, what is 3 + -55b9bbc?
-55b9bb9
In base 8, what is -216020553 - 5?
-216020560
In base 16, what is 8b8848 + 15?
8b885d
In base 4, what is -11 - 11031032223?
-11031032300
In base 8, what is -14 + -3315365?
-3315401
In base 2, what is -101000101011000101 - -10100110?
-101000101000011111
In base 12, what is -9 + -15a92586?
-15a92593
In base 9, what is -8222 - 6742?
-16064
In base 10, what is -6724 + 2333?
-4391
In base 10, what is -594151 + -12?
-594163
In base 12, what is 225a9 + 430?
22a19
In base 7, what is -446 - -125062?
124313
In base 12, w